 (-18)/4)*((-47952)/(-120))/(-9).
107
Suppose -5*h + 3*i + 58 = 0, 52 - 11 = 4*h + 3*i. Suppose -11*b = -799 + 436. Calculate the remainder when b is divided by h.
0
Let q be 9/(-6) - 39/(-6). Let s be -4 + (-33)/(-9) - (-182)/6. Suppose 20 = -3*f + q*f + a, 3*f - a = s. What is the remainder when f is divided by 6?
4
Suppose -1 = 13*j - 1. Let r be (-42)/(-8) + 1/(-4). Suppose u - 4 = -j*u, -t + r*u + 46 = 0. What is the remainder when t is divided by 34?
32
Let h(n) = 0*n + n + 1 + 7. Let a(o) = o**3 - 6*o**2 + o - 48. Let s be a(7). What is the remainder when 61 is divided by h(s)?
13
Let l(m) = 2*m**3 - 24*m**2 + 16*m + 13. Let q be l(10). Let a = q + 256. Calculate the remainder when 226 is divided by a.
23
Suppose 3*g - 169 = 3*u + 5*g, 171 = -3*u - 3*g. Suppose -5*x - 246 = -3*w, -3*x - 6 = -x. Let l = u + w. What is the remainder when l is divided by 9?
4
Let x(n) = -11*n**2 + 11*n - 68. Let k(v) = 31*v**2 - 32*v + 205. Let t(o) = 6*k(o) + 17*x(o). Calculate the remainder when 13 is divided by t(-11).
5
Suppose 2*u + 50 + 34 = 3*a, -4*a = u - 90. Suppose 4 - 7 = -m. Calculate the remainder when a is divided by m.
0
Let t = 46 - -48. Suppose 4*y = -h + 125, -h + t = 6*y - 3*y. What is the remainder when y is divided by 5?
1
Let b(w) = 3*w**2 - 16*w - 4. Let r(t) = -7*t**2 + 32*t + 8. Let y = -87 + 78. Let c(k) = y*b(k) - 4*r(k). Calculate the remainder when c(-17) is divided by 13.
8
Suppose 200*h + 130 = 213*h. Suppose 0 = -2*j + 3*p + 16, -11*j + h*j + p = -10. Calculate the remainder when 6/(-9)*(-39)/1 is divided by j.
12
Calculate the remainder when 7914 is divided by 6/12*172 + -20.
60
Let t = 66 + -40. Let k(g) = -67*g**2 - 5*g + 179. Calculate the remainder when k(0) is divided by t.
23
Suppose -38*k + 146 = -44. What is the remainder when 192 + 4 + 3/((-3)/k) is divided by 95?
1
What is the remainder when (-51*66/(-27))/(6/9) is divided by (61/2 + -2)/((-24)/(-32))?
35
Let h = -239 - -122. What is the remainder when h/2*(-1)/((-6)/(-8)) is divided by 10?
8
What is the remainder when 2922 is divided by 3 + 0 - (228/14)/(60/(-280))?
78
Let z(t) = 2*t**3 + 15*t**2 - 17*t + 14. Let q(f) = -28*f + 216. Let k be q(8). What is the remainder when z(k) is divided by (6/(-4))/((-3)/58)?
28
Suppose -9436*o - 21308 - 2900 = -9453*o. Calculate the remainder when o is divided by 353.
12
Let o = 30 + -28. Suppose 292 - 52 = 6*d. What is the remainder when d is divided by (-11)/(o - 3 - 0)?
7
Calculate the remainder when 974 is divided by (-4 + 0)*(-179 - -58).
6
Let k = 53 + -34. Suppose 305 = 13*s + k. What is the remainder when 86 is divided by s?
20
Let f = 1028777 + -1028656. Suppose 2*k - 4*k + 82 = 0. What is the remainder when f is divided by k?
39
Suppose -2*j + 0*j = -26. What is the remainder when (4753/(-10584) - (-4)/54) + (-907)/(-8) is divided by j?
9
Suppose 0 = -7*m - 613 + 767. Suppose -3*s + m = -74. What is the remainder when 351 is divided by s?
31
Let x = 8288 - 7430. What is the remainder when x is divided by 285?
3
Calculate the remainder when (-2)/(-67) - 571744/(-1139) is divided by 126.
124
Let p(r) = r**3 + 9*r**2 + 77*r + 358. What is the remainder when 1512 is divided by p(-6)?
0
Let w be 0/(-3 - 1) + 3. Let a(o) = -o**2 + 3*o + 10. Let m be a(4). Suppose w*r - 18 = m. What is the remainder when r is divided by 3?
2
Let t(h) = 11*h + 26. Let n be t(-5). Calculate the remainder when 72 is divided by (10 - n) + (1 - 1).
33
Suppose 3*l - 351 - 90 = 0. Let k = l - 136. What is the remainder when 197 is divided by k?
10
Let r(n) = n**3 + 17*n**2 - 39*n + 19. Let o be r(-19). Suppose -455 = o*i - 1481. Let m = 47 - 33. Calculate the remainder when i is divided by m.
13
Suppose f = -2*w + 19, 5*w = -f + 36 + 10. What is the remainder when (-64)/(-480) + (-193)/(-15) is divided by w?
4
Suppose 0 = -2*d - 13 + 5, -5*y - 3*d + 3558 = 0. Calculate the remainder when y is divided by 27.
12
Let u(a) = a**3 + 5*a**2 + 2*a + 1. Let o be u(-4). Suppose 2*v - 35 = -o. What is the remainder when 36 is divided by v?
10
Let p = 1560 + -633. Calculate the remainder when p is divided by 232.
231
Suppose 2*f - 413 = i + 289, 5*i - 1390 = -4*f. What is the remainder when f is divided by 16?
14
Suppose -2752 = -10*l + 1438. Let k = l - 398. What is the remainder when 40 is divided by k?
19
Let u(d) = 664*d + 20199. Let x(g) = g**3 - g**2 + 7*g - 6. Calculate the remainder when u(-30) is divided by x(4).
69
Suppose 0*r + n - 22 = -4*r, 0 = -n - 2. What is the remainder when ((-4 - (-171)/38)/((-1)/(-26)))/1 is divided by r?
1
Let p(c) = 12*c + 164. Let r be p(11). Suppose r*o - 51 = 293*o. What is the remainder when 33 is divided by o?
16
Suppose 55*c + 23*c + 2461 = 7921. What is the remainder when 237 is divided by c?
27
Suppose -c = -5*v + 6804, 0 = -6*v + 2*c + 5994 + 2166. What is the remainder when v is divided by 11?
9
Let w = 584 + -402. Let x = -378 + 381. Suppose 0 = x*j + 45 - 156. What is the remainder when w is divided by j?
34
Suppose 0 = -4*y + 93 - 645. Let q = 144 + y. Calculate the remainder when 49 is divided by q.
1
Suppose 8*t + t = 8379. Suppose -840 = -23*w + t. Calculate the remainder when 222 is divided by w.
68
Suppose 7*b + 190 = 589. Calculate the remainder when b is divided by (28 - -4)/(1/(1 + 0)).
25
Let b = 460 + -523. Let r(p) = -p**2 + 10*p - 9. What is the remainder when (b + (6 - -2))*2/(-5) is divided by r(7)?
10
Let f = -57 - -67. Let s(u) = 11*u + 11. Let r be 23/4 + (-5)/(-20). What is the remainder when s(r) is divided by f?
7
Let u(l) = 4*l + 2. Let g be u(-2). Let v(b) = -954*b + 946*b - 15 + 3*b**2 - 2*b**2. What is the remainder when v(g) is divided by 24?
21
Let p(a) = 32*a**2 - 1696*a + 32. What is the remainder when 66 is divided by p(53)?
2
Suppose 12*c - 671 = 92 + 689. What is the remainder when c is divided by 62?
59
Suppose -24 = a - 7*a. Suppose -a*o + 48 = 2*c, c = -4*o - 2*c + 44. Calculate the remainder when 3 + -2 + (-1 - -69) is divided by o.
13
Suppose 13*w - 2595 + 2439 = 0. What is the remainder when 67 is divided by w?
7
Suppose -31 = -2*f + 9. Suppose -23*c - 186 = -29*c. Suppose c*j - 2522 = 5*j. What is the remainder when j is divided by f?
17
Let m(f) = -191*f - 97. Calculate the remainder when m(-2) is divided by 49.
40
Let l(d) = -d**3 - 11*d**2 - 11*d + 11. Let u be l(-10). Suppose -4*b - 5 + u = 0. Let t = -176 - -180. What is the remainder when b is divided by t?
0
Let m be (12 + 2)/(-7) + 5. What is the remainder when 91 is divided by (-3)/(m/(-1))*16?
11
Calculate the remainder when (8/6 - 1)/((-2)/(-42)) is divided by (-60)/(-40)*(2 + 0).
1
Let q(s) = -8*s - 118. Let z be 2*(-5 - -3)*4. Let h = -82 - -131. Calculate the remainder when h is divided by q(z).
9
What is the remainder when 1647 is divided by 4/(-18) + (2345/63 + -10 - -1)?
23
Let s = 38 + -23. Suppose r - 24 = -4*d, 2*r + 0*d - d = 21. What is the remainder when 47 is divided by (-5)/(-2)*8*s/r?
22
Let o(t) = 12*t**2 - 6*t - 10. Let m(v) = -159*v + 343. Calculate the remainder when o(-2) is divided by m(2).
0
Let h be 1491/6 + 1/(-2). Suppose 22 = 18*d - h. Calculate the remainder when 37 is divided by d.
7
Suppose 132 = y + 4*n, 1 = -3*n + 4. Suppose -31*t - y = -35*t. Suppose -4*u + 2*x + 23 = 3*x, -5*u + t = -2*x. What is the remainder when 20 is divided by u?
2
Let z(t) = -6*t**2 + 45*t - 5. Suppose -30*j = -7*j - 92. Calculate the remainder when z(j) is divided by 21.
16
Suppose 17*g = 437 + 1008. Suppose g*o - 532 = 78*o. Calculate the remainder when 227 is divided by o.
75
Let c(x) = x**2 + 140. Let d = -2 - -2. Let v = 22311 + -22263. What is the remainder when c(d) is divided by v?
44
Let y(f) = 2*f**2 - 4*f - 6. Let d(z) = 30*z - 147. Let m(h) = -7*h + 37. Let p(r) = 4*d(r) + 15*m(r). What is the remainder when y(5) is divided by p(3)?
0
Let z(k) = k**2 + 10*k - 58. Let h(t) = 3*t**2 + 63*t + 6. Let r be h(-21). Calculate the remainder when 67 is divided by z(r).
29
Calculate the remainder when 449 is divided by 4*(-2)/(1/((-1287)/72)).
20
Suppose 3*b - 100 = -28. Suppose -3*x + 6*x = b. What is the remainder when 9 is divided by x?
1
Let w(o) = 32*o + 2. Let i(k) = 4*k - 19. Let h(n) = -3*n + 18. Let p(x) = 3*h(x) + 4*i(x). Calculate the remainder when w(3) is divided by p(6).
18
Let i(c)